e greatest common divisor of 52 and b.
26
Let q = 1348 - -1355. Calculate the highest common divisor of 636 and q.
159
Suppose -5*n = -3771 - 1619. What is the highest common factor of n and 784?
98
Let j be (-314)/(-2) + -2*1. Let g(t) = 0*t - 8*t - 100 + 0*t - t. Let s be g(-18). Calculate the greatest common divisor of s and j.
31
Let w = 2685 + -2615. What is the highest common factor of w and 85?
5
Let d = -1985 - -2314. Calculate the greatest common factor of d and 21.
7
Let a = 85 - 38. Suppose -p = -5*n + 705, 2*p - 135 = -2*n + 147. Calculate the highest common factor of n and a.
47
Suppose -h - 225 = -10*h. Suppose -1 = -15*v + 16*v. Let n be v + 229 + (0 - 3). Calculate the greatest common divisor of h and n.
25
Suppose -2*d + 59 = -0*u - 3*u, -5*u = -d + 40. Suppose 804 = 2*v + 2*v + 2*l, -3*l = 3*v - 606. What is the highest common divisor of v and d?
25
Suppose 5*n - 10*n = 20. Let r be n/32 + 582/48 + 2. Calculate the highest common factor of 49 and r.
7
Let h be (-3 - -10)*(16 + -6). Calculate the greatest common factor of h and 392.
14
Let a be 3*(1 - 1/(-3)). Suppose 1733*v + 7 = 1730*v + 5*t, -2*v + 3*t = 4. What is the greatest common divisor of a and v?
1
Suppose -9*c - 30*c = -121485. What is the highest common factor of c and 70?
35
Let g = 344 - 124. Suppose 0 = -7*x - 3*x + g. Calculate the highest common factor of x and 12.
2
Let g(p) = p**2 - 3*p - 5. Let r be g(6). Let h = 65 - r. Let j = -30 + h. Calculate the greatest common divisor of j and 22.
22
Let l(q) = 66*q - 5. Let r be l(-3). Let n = r + 211. What is the highest common divisor of n and 4?
4
Suppose 280514 = 265*x + 749975 - 5122861. What is the highest common divisor of 40 and x?
40
Let s be (-549)/(-12) - (-3)/12. Let k be (-644)/(-126)*18/60*15. Calculate the highest common factor of s and k.
23
Suppose 0 = 2*j - 39 - 51. Suppose -j + 17 = u. Let i = u - -37. What is the greatest common factor of i and 3?
3
Let c(s) = -13*s**3 + 20*s**2 - 17*s - 7. Let l be c(-7). Suppose 7*n - 20*n + l = 0. Calculate the greatest common factor of n and 122.
61
Let h = 1 + 10. Suppose -31 = -5*l + 34. Suppose l*c - 11*c = 154. Calculate the highest common factor of h and c.
11
Let x(l) = -5*l**2 - 98*l + 57. Let i be x(-13). Suppose 4*k - 20 = 0, k + 0 = 3*d + 2. Let s be -3 + d + 56*1. What is the greatest common divisor of s and i?
54
Suppose -33*d = 369 - 598 - 662. What is the highest common factor of d and 10071?
27
Suppose b = -69*v + 73*v + 1645, -5*b + 8243 = -2*v. What is the greatest common divisor of b and 97?
97
Suppose 87 = 10*c - 7*c + 3*q, -3*c - 2*q + 86 = 0. Suppose 0 = -c*w + 22*w + 348. Calculate the greatest common divisor of w and 145.
29
Suppose 7*c - 160 = 1555. Suppose 0 = -0*t + 24*t - 1176. What is the highest common factor of t and c?
49
Let t = 3513 - 3401. What is the greatest common divisor of 357 and t?
7
Let k = -78 + 86. Suppose -551 = -k*d - 119. Calculate the greatest common divisor of d and 270.
54
Suppose 103*l + 3375 - 29125 = 0. What is the greatest common factor of 39250 and l?
250
Let s(p) = 52*p - 3. Let m be s(1). Let k = -27 + m. Let w(l) = 24*l**3 - 2*l. Let d be w(1). What is the highest common divisor of k and d?
22
Let w(c) = 4*c - 180. Let p be w(46). Let g(m) = 2*m**2 + 21*m - 89. Let u be g(p). What is the highest common factor of 21 and u?
3
Suppose 0 = -44*l + 54*l - 1950. Let x be (-320)/(-60)*(-1)/4*-195. What is the highest common factor of x and l?
65
Let i = 45 - 43. Suppose 2 - 9 = j + 5*x, 3*x = i*j - 51. Suppose 0 = 4*z + 3*p - 19, -3*z + j = 4*p - p. What is the greatest common factor of z and 4?
1
Suppose -3*m = 77*m - 5*m - 147825. What is the greatest common divisor of 54 and m?
27
Suppose 39*w + 14*w - 3*w = 84800. Calculate the greatest common divisor of 2438 and w.
106
Let y(g) = -3*g**3 - 11*g**2 - 12*g - 16. Let l be y(-4). What is the highest common factor of 996 and l?
12
Let n(l) = 3*l - 8. Let u be n(6). Suppose 215*m + 164*m = -453*m + 1664. Calculate the greatest common factor of u and m.
2
Let i = 53 + -56. Let y(h) = -15*h - 12. Let q be y(i). Let k(z) = -z**2 + 15*z - 14. Let c be k(12). Calculate the highest common factor of c and q.
11
Let l be -1558 + 1553 - (2/(-2) + -15). Let x(h) = -h**2 + 9*h - 5. Let a be x(9). Let z be -5*22*1/a. What is the greatest common factor of l and z?
11
Let a(t) = 5*t - 163. Let q be a(21). Let k be 6 + (4 - q*9). Calculate the highest common factor of 28 and k.
28
Let g be (0/(-2))/(4 - 2). Let a(t) = t**3 - t + 95. Let l be a(g). What is the highest common divisor of l and 19?
19
Suppose -57*a - 35*a = -12052. Calculate the greatest common divisor of 1048 and a.
131
Suppose 4*v = 43 + 25. Suppose -2*c + v = -5*b - 11, 3*c = 3*b + 60. What is the greatest common factor of c and 30?
6
Suppose -32 = -v + 64. Suppose -104 = -8*k + v. What is the highest common divisor of 35 and k?
5
Let c(y) = -538*y + 2736. Let s be c(-33). What is the greatest common divisor of 60 and s?
30
Let t = -11916 - -12041. Calculate the greatest common factor of 3125 and t.
125
Let t be (-282)/(0 - 3) - 1*3. Let h = t - -8. What is the greatest common factor of 9 and h?
9
Suppose 15*g + 3*g - 108 = 0. Suppose 126 = -g*f + 24*f. Let l = 124 - 75. Calculate the highest common factor of l and f.
7
Suppose v + 3*c + 13 = 19, 3*v = 5*c + 158. Let r = 121 - 40. Calculate the highest common factor of v and r.
9
Suppose -8 = -3*u - 4*w, -7*u = -4*u - w - 13. Suppose 638 = s - u*o, 0 = -5*s + 2*o - 4*o + 3146. Calculate the greatest common factor of 63 and s.
63
Suppose 0*x - 2*f - 5 = x, 2*x + 2*f + 2 = 0. Suppose 44 = x*r - 160. Suppose 0 = 5*v - 2*v - 102. What is the highest common divisor of r and v?
34
Let c(l) = -21*l**3 - 10*l**2 - 17*l - 508. Let m be c(-13). What is the highest common divisor of 345 and m?
345
Let f(g) be the first derivative of g**3/3 - g**2/2 - 12*g + 27. Let l be f(-4). Suppose -20*n = -14*n - 72. Calculate the highest common factor of l and n.
4
Let p(v) = 18*v - 15. Let h be p(1). Suppose 93 = 2*n - 0*n + 5*a, h*a - 185 = -5*n. Let y be 2/(-4)*-34*3. Calculate the greatest common divisor of y and n.
17
Suppose -3*q - 56 = -3*a + 4, 4*q - 16 = 0. Let m = -21 + a. Suppose k - w - 31 = -6*w, m*w + 165 = 3*k. What is the highest common factor of k and 17?
17
Suppose -2999858 = 5813*t - 5880*t. Calculate the greatest common divisor of 122 and t.
122
Suppose -2*z - 7 + 33 = 4*r, -2*z = 5*r - 32. Let y be ((-779)/38)/((-3)/r). What is the greatest common factor of y and 369?
41
Suppose 5*o = -k + 1229 + 4721, 5*o - 5965 = -4*k. What is the greatest common factor of 123 and o?
41
Suppose 0 = -8*j - 3 + 11. Let u = 184 - 161. What is the greatest common factor of u and j?
1
Let d = 97 + -29. Suppose 5*p + 0*q = -4*q + d, -3*p + q = -34. Suppose -2*a + a + 9 = 0. Calculate the greatest common factor of a and p.
3
Suppose 2*m = 8*m - 12. Suppose -5*s = -5, -4 = -4*w + m*w + 4*s. What is the highest common factor of w and 4?
4
Let m(w) = 13*w + 7. Let z be m(5). Let i be -19 - ((-7 - 0) + 6). Let h be i/(-4)*(17 - -7). Calculate the greatest common divisor of h and z.
36
Let r(p) = -4573*p**3 + 10*p**2 - 7. Let i be r(-1). Calculate the greatest common factor of i and 16.
16
Suppose 14*b - 19*b + 3330 = 0. Calculate the highest common divisor of b and 54.
18
Let b be (-1974)/28*1*4/3. Let d = 98 + b. Suppose 9 = d*u - u. Calculate the highest common divisor of u and 27.
3
Let x = 5787 - 5391. What is the highest common divisor of x and 306?
18
Let z(i) be the second derivative of 23*i**3/6 + 51*i**2 - 255*i. Let x be z(-4). What is the highest common factor of 590 and x?
10
Let u(z) = z**3 + 10*z**2 - 18*z - 83. Let o be u(-5). Suppose 10*g = 5*g. Suppose g = v - 3 - 9. What is the highest common factor of o and v?
12
Let v be -4*((-9475)/30)/5 + (-15)/(-45). Let g be (-272)/(-12) + 2/(-3). What is the greatest common divisor of g and v?
11
Suppose -10*u = 5 + 85. Let s(i) = i**2 + 3*i - 14. Let t be s(u). Let a = 12 + -4. Calculate the highest common divisor of a and t.
8
Let s(i) = 3*i + 85. Let h be s(-27). Let p be 47/h - -4*1/16. What is the highest common divisor of p and 20?
4
Suppose -4*o + 80 = 4*q, 0 = 2*q - 15*o + 12*o - 50. What is the highest common fact